c + 1498. What is the units digit of u?
5
Let i = -12 - -17. Suppose y - i = -2*m, 2*m + 2*y - 5*y = 1. What is the units digit of m?
2
Suppose 2835 = 4*i + a, -13*a + 1425 = 2*i - 14*a. What is the tens digit of i?
1
Let g be (0 + -3 - -12) + 2. Suppose -h + 1 = 2*r, 3*r + g = r - 5*h. Suppose r*z = 2 + 64. What is the units digit of z?
3
Let i = -838 + 1468. What is the units digit of i?
0
Let x(f) = -8*f + 279. Let q be x(0). Suppose 14*a - q = 183. What is the tens digit of a?
3
Let w(q) = q**3 - 25*q**2 + 25*q + 26. Let y = 92 - 68. What is the units digit of w(y)?
0
Let w(i) = -19*i + 34. Let u(a) = -75*a + 135. Let h(f) = -4*u(f) + 15*w(f). What is the tens digit of h(9)?
0
What is the hundreds digit of (1/2)/((-9 - -18)/20808)?
1
Let h(k) = -k**3 + 11*k**2 - 12*k + 2. Let g be (3/2)/((-11)/(-66)). What is the units digit of h(g)?
6
Suppose 2*b + 2*b + 5238 = 2*r, -1293 = b + 5*r. Let q be 2/(-5) + b/(-20). Suppose 2*c - q = m + 7, c = -4*m + 54. What is the units digit of c?
8
Let c(n) = -2*n + 12. Let u be c(8). Let z = u - -14. Suppose -4*w + z = -h + w, -9 = -3*w. What is the units digit of h?
5
Let k(o) = o**3 - 5*o**2 + 7. Let m be k(5). Suppose -m*a = -5*a. Suppose -r + 23 - 6 = a. What is the tens digit of r?
1
Suppose 0 = i - 5 + 3. Suppose -c + 477 = 5*f, i*f + f + 2*c - 282 = 0. Suppose -5*d = -d - f. What is the tens digit of d?
2
What is the units digit of (-2 + 1)*-498 + -26 + 28?
0
Let o(s) = -23*s - 214. What is the tens digit of o(-16)?
5
Let a = 132 - 96. Let v = a - -109. What is the units digit of v?
5
Suppose 43 + 247 = -5*s. Let z = 85 + s. What is the units digit of z?
7
Let t = -131 + 159. What is the tens digit of t?
2
Let d(n) = -n - 2. Let b(k) = -10*k - 17. Let x(z) = b(z) - 5*d(z). What is the units digit of x(-10)?
3
Let p = -39 + 44. Suppose -v - p*t = -210, 3*v = -0*t - 3*t + 582. What is the tens digit of v?
9
Let h(j) = 8*j**2 + j - 15. Let m = -6 + 11. Let u(z) = 4*z**2 + z - 7. Let o(v) = m*u(v) - 2*h(v). What is the units digit of o(-4)?
7
Suppose -1748 + 35727 = 11*z. What is the units digit of z?
9
Let d(p) = -p**3 - 5*p**2 + 10*p - 15. Let s be d(-11). Suppose f - 50 = -2*o + 75, 0 = -5*f - 2*o + s. What is the tens digit of f?
1
Let v = 119 + -117. What is the tens digit of ((705/(-6))/(-1))/(1/v)?
3
Let w be 0/(-1) + (-20)/(-2). Suppose 2*q - 10 - w = 2*n, -5*n = -q + 30. Suppose -4*y + 75 = 3*f, y = -2*f + q*y + 50. What is the units digit of f?
5
Let x = -303 - -502. Suppose 3*n - 2 = 4, 0 = 3*o + 2*n - x. What is the tens digit of o?
6
Let l(v) = 6*v**2 - 13*v - 8. What is the units digit of l(-6)?
6
Let r(f) = f**2 - 3. Let b be r(4). Let y(m) = -m**3 + 14*m**2 - 12*m - 10. Let o be y(b). Suppose -o*w = -5*w + 54. What is the tens digit of w?
2
Suppose -5*t = -25, -4 + 17 = 3*n + 2*t. Suppose n = a, 2*a - 59 = -2*w + a. Suppose -3 + w = o. What is the units digit of o?
6
Let r be (1026/45)/(1/((-10)/(-4))). Suppose -d = -2*q + 107, q - 5*d - r = -d. What is the tens digit of q?
5
Let g = 2334 + -1056. What is the tens digit of g?
7
Suppose 0 = -4*h + 2*h - 12. Let z = -43 - -54. Let u = z + h. What is the units digit of u?
5
Suppose -3*b - 10*x = -13*x - 7098, 3*x = -b + 2350. What is the hundreds digit of b?
3
Let c(z) be the second derivative of -14*z**3/3 + z**2 + z. What is the units digit of c(-3)?
6
Suppose -749 - 1011 = -2*m + 5*s, -5*m - 2*s + 4458 = 0. What is the units digit of m?
0
Let h(m) = 31*m**2 + 16*m - 173. What is the tens digit of h(7)?
5
Let v(i) = i**3 - 8*i**2 + 2*i - 9. Suppose 4*t - 3*q = -2*q + 35, 3*t - 12 = -4*q. What is the units digit of v(t)?
7
Let q(t) = -t**3 + t**2 - t + 96. Let s be q(0). Suppose 0 = -4*r + s - 0. What is the units digit of r?
4
Suppose -v = 2*v + 258. Suppose 3*t = -7 + 16, -2*g + 282 = -2*t. Let c = v + g. What is the units digit of c?
8
Suppose 4*m - 104 = -2*q, -3*m - 3*q = -7*m + 114. What is the units digit of m?
7
Let g(m) = m**3 - 31*m**2 + 33*m - 46. What is the units digit of g(30)?
4
What is the tens digit of 19474/56 - 3/4?
4
Let l(z) = 14*z**2 + 2*z - 3. Let w be l(-4). Let c = w + -319. What is the tens digit of 4 - 3/6*c?
5
Let n(g) = -2*g**2 - 19*g - 9. Let z be n(-9). Suppose z = -6*y + 2*y + 208. Suppose -4*h + 6*h = -3*l + y, 3*h = -2*l + 83. What is the units digit of h?
9
Let o be (0 - 1)/(3 + 48/(-15)). What is the tens digit of (-34 + o - -3)*-1?
2
Let a(w) = -w**3 - w**2 + 3*w + 1. Let d be a(-2). Let m be 12/20*(d + 6). Suppose -m*r = -50 + 11. What is the units digit of r?
3
Suppose 0 = 2*j - y + 201, 3*j + 294 = -0*j + 3*y. Let o = j + 171. Suppose -a + 5*a = 8, -3*z = a - o. What is the tens digit of z?
2
Let y(q) = q**3 - 8*q**2 + 8*q - 6. What is the units digit of y(10)?
4
Let t be (0 - -3 - 3)/(-1). Suppose t = 4*c - 16. Suppose -80 = -c*d + 12. What is the tens digit of d?
2
Let y = -42 + 45. Suppose 110 = y*n + 2*n. What is the tens digit of n?
2
Let m be (-7)/2*108/(-126). Suppose -o - m*o = 4*h - 236, -5*o = -20. What is the units digit of h?
5
Suppose 3*c - 4*c = -72. Suppose 0 = 4*j - c - 84. What is the units digit of j?
9
Suppose 0 = j, 0 = -4*f + 3*j - j + 8. Suppose 3*o = -v + 1 + f, 13 = 3*v + 5*o. Suppose 0 = 2*u + v, -x + 5*x + 5*u = 125. What is the tens digit of x?
3
Let r = 17 + 24. Suppose -4*s + 92 = 4*w, -2*w + 0*w - 3*s + r = 0. What is the tens digit of w?
2
Let c(w) = -w - 1. Let h(z) = -481*z**2 - 7*z - 6. Let r(b) = 4*c(b) - h(b). Let q be r(-1). What is the tens digit of q/(-12)*(1 - 2)?
4
Let c(g) = -14*g. Let z be c(-1). Let o(w) = -z + w + 1 + 2*w. What is the units digit of o(7)?
8
Let k(t) be the third derivative of t**4/24 + 4*t**3/3 - 5*t**2. Let n be k(-6). Suppose 2*q + 4 = -2*i, -n*i + 3*q + 8 + 3 = 0. What is the units digit of i?
1
Suppose -3*i + 909 = 243. What is the hundreds digit of i?
2
Let h(w) = -6*w**3 + 65*w**2 - 26*w - 70. Let v(d) = -d**3 + 13*d**2 - 5*d - 14. Let i(l) = -2*h(l) + 11*v(l). Let p = -23 + 10. What is the tens digit of i(p)?
2
Let p = 13097 - 8783. What is the units digit of p/24 - 0 - (-2)/8?
0
Suppose 9*d = -5*o + 8*d + 7147, -2*o - 5*d = -2845. What is the units digit of o?
0
What is the tens digit of (-7 - (0 + 2))*-3 + 5?
3
Suppose -4399*c + 3620 = -4397*c. What is the tens digit of c?
1
Suppose 8*q - 5*q = 6. Let c(o) = -q*o + 6*o + 0 + o - 2. What is the tens digit of c(8)?
3
Let y = -161 - -350. What is the units digit of y?
9
Let z(c) = 409*c - 1. Let f be z(1). Suppose -5*a = -4*j + f, 4*j + 6*a - 3*a = 440. Suppose 4*s - s = 4*i - j, 3*i - 90 = -s. What is the tens digit of i?
2
Let y = -10 - -12. Suppose -2*x - 4*i = -y*i - 100, 3*x + i - 156 = 0. What is the units digit of x?
3
Let q(n) = -9*n**3 - 2*n**2 + 1. Let g be q(-1). Let i be 130/g - (-2)/(-8). Let z = -1 + i. What is the units digit of z?
5
Suppose -4*t - 12 = 0, -31*x + 4*t + 3426 = -30*x. What is the thousands digit of x?
3
Let f = 19 - 6. Suppose -f*q = -14*q. Suppose -3*i = -q*i - 18. What is the units digit of i?
6
Let k(b) = 103*b - 400. What is the hundreds digit of k(15)?
1
Suppose 7*u - 3*u - 8998 = 2*o, 3*u = -3*o + 6762. What is the hundreds digit of u?
2
Let y be 6/9 + 883/3. Suppose 6*d = d + y. What is the tens digit of d?
5
Let m(h) = h**2 + 2*h - 2. Let i be m(3). Suppose -3*z - i = 38. Let l = z - -27. What is the tens digit of l?
1
Let y(j) be the second derivative of -j**5/5 - j**4/3 - j**3/6 - 2*j**2 - 3*j + 11. What is the tens digit of y(-4)?
9
What is the units digit of (10 - (-1 - -47))*(-246)/9?
4
Suppose -p + 2*w = -172, 5*p - 4*w = -w + 895. Suppose 2*g + f = 3*f + 178, -2*g = -4*f - p. What is the units digit of g?
7
Suppose -w + 3*d - 6 = -3, 4*w = -d + 14. Let y(u) = -2*u + w*u**2 + 0*u - 2 - 11*u**2 - 2*u - u**3. What is the tens digit of y(-8)?
3
Let k = 794 - 70. What is the tens digit of k?
2
Let b be 1*(-6)/10 - (-26960)/100. Suppose 4*n = 99 + b. What is the tens digit of n?
9
Let z(t) = -t**3 - 3*t**2 + 4*t + 6. Let d be z(-4). Suppose -2*i = -4 - d. Let m = 3 + i. What is the units digit of m?
8
Suppose -5*d + 4*j + 10520 = 0, -3*d + j + 5891 = -421. What is the thousands digit of d?
2
Suppose -4*x + 131 = j, 3*x - 81 = 2*j + 3*j. Let r = x - 17. What is the tens digit of r?
1
Let r(h) = 55*h - 1. Let l(k) = 27*k. Let d(p) = 5*l(p) -